) = m**3 + 12*m**2 + 8*m - 6. Suppose 159*t - 3637 - 831 = 2051. What is the remainder when i(-10) is divided by t?
32
Suppose 164 = 7*s - 627. Calculate the remainder when s is divided by 110.
3
Suppose 5*u - 2*o - 117 = 0, -3*u + 2*o - 5*o + 87 = 0. Calculate the remainder when 674 is divided by u.
24
Suppose -4*b = -4*c - 48, 4*c - 2 = -3*b + 2*b. Suppose b*r - 290 = 50. Calculate the remainder when r is divided by 22.
12
Let u = 77 - 55. Let p(w) = -7 + 43*w**2 - 5 + 15 + 5*w. What is the remainder when p(-1) is divided by u?
19
Suppose -5*q = -45 + 5. Suppose 29 = -3*j - q*g + 4*g, 5*g - 20 = 0. What is the remainder when 62 is divided by (-5)/(-4)*2*(-48)/j?
6
Suppose 0 = -13*d + 180 + 782. Let u = d + -67. Suppose 129 = u*q - 88. What is the remainder when 45 is divided by q?
14
Let u(l) = l**3 + 43*l**2 + 321*l - 168. Calculate the remainder when 7864 is divided by u(-33).
124
Suppose -3*i = 4*z + 1229, -1538 = 5*z - 0*z + 2*i. Let q = z - -329. Calculate the remainder when 115 is divided by q.
10
Suppose -16 = -100*r + 765 + 819. Let k = 107 + -48. What is the remainder when k is divided by r?
11
Suppose -4*r - 1 - 11 = 0, -3*x + r + 501 = 0. Let b(s) = s**3 + 3*s**2 - 7*s - 5. Calculate the remainder when x is divided by b(3).
26
Let m(n) = 6*n**3 + 9*n**2 - 33*n + 86. What is the remainder when m(5) is divided by 884?
12
Let k = 409 - 406. Suppose -4*p - 4*c + 252 = 0, -2*c - 5 - k = 0. Calculate the remainder when p is divided by 17.
16
Let p(y) = -6*y - 2. Suppose -s = 0, m - 178 = -0*s - 4*s. Let t = -93 + m. Calculate the remainder when t is divided by p(-4).
19
Let t(v) = 10*v**2 + 385*v + 199. Suppose 0 = -d - 13 + 73. Suppose -4*f - 4*l + d = -2*l, f = -5*l - 3. Calculate the remainder when f is divided by t(-38).
8
Suppose -5*y + 370 = -150. Calculate the remainder when 226 is divided by y.
18
Let f(y) = 11*y**2 + 15*y + 37. Calculate the remainder when f(-4) is divided by (30 + 4 + -3)/1.
29
Let y(q) = 15*q**2 - 102*q - 771. What is the remainder when y(-10) is divided by 70?
69
Suppose -8*k = m - 12*k - 55, 0 = -2*m - 5*k + 136. Calculate the remainder when 2642 is divided by m.
59
Let b = -30 + 30. Let p be (1 - b)*(-4 + 6). Suppose -4*j = -p*r + 118, -5*j = -3*r + 7 + 168. Calculate the remainder when r is divided by 14.
13
Suppose -3 = y - 9. Let p be ((-136)/6)/((y/(-9))/2). Suppose h - 39 = -l, -2*h + 8 = 3*l - p. What is the remainder when 80 is divided by h?
39
Suppose l - 63 = -5*x, 2*l + 0*x = 5*x + 171. Let k(q) = -q**2 - 115*q - 2466. Calculate the remainder when l is divided by k(-29).
22
Let m(k) be the second derivative of 34*k**3 + 19*k**2/2 + 11*k + 4. What is the remainder when m(1) is divided by 28?
27
Let m(w) = 2*w**2 + 4*w + 8. Let k(f) = -6*f + 138. Let h be k(23). Calculate the remainder when 171 is divided by m(h).
3
Let c = -36 - -50. Suppose 0 = 9*g - c*g + 15. Suppose -3*r + 32 = -d, 2*d - 18 = -g*r - 1. What is the remainder when 34 is divided by r?
7
Let y = -2909 - -3019. Let d(w) = w**2 - w + 3. Let x be d(0). Suppose x*a - a - y = 0. Calculate the remainder when a is divided by 8.
7
Let w = -898 - -919. What is the remainder when 1208 is divided by w?
11
Let t(n) = -8*n + 9. Suppose 81*q - 849 = 78*q. What is the remainder when q is divided by t(-6)?
55
Suppose -2*q = 9 + 7, -4*g = -5*q - 200. What is the remainder when 2124 is divided by g?
4
Suppose -10*y + 7245 = 35*y. Calculate the remainder when y is divided by 75.
11
What is the remainder when 130 is divided by 948/28 - ((-26)/(-65) + 38/(-70))?
28
Let a(u) = -86*u + 726. What is the remainder when a(0) is divided by 244?
238
Let i = 28 + -19. Let a = -19039 + 19083. What is the remainder when a is divided by i?
8
Let b = -21378 - -21391. Calculate the remainder when 1763 is divided by b.
8
Let u be (-35)/(-5)*2 + 6. Suppose 339 = u*z - 41. Calculate the remainder when z is divided by 5.
4
Let r = 759 - 728. What is the remainder when 78 is divided by r?
16
Let y(b) = -b**2 - 7*b + 1. Suppose -2*z - p - 29 = 0, -5*z - 3*p - 50 = -5*p. Calculate the remainder when (105/(-14))/(2/z) is divided by y(-3).
6
Let q(m) = -m - 10 + m**3 + 0 - 4*m**2 + 7*m. Let y be 6 - (0/(-14) + (-2)/(-2)). What is the remainder when q(y) is divided by 19?
7
Let b = 134 - 148. Calculate the remainder when 67 is divided by (4 - 7)/(6/b).
4
Let y = -7269 + 7374. Calculate the remainder when 381 is divided by y.
66
Let j(n) = 5*n - 6. Let i be j(5). Suppose -4*f + v + 77 = 0, 3*v = -2*f + 18 + 17. Suppose -i*u - f = -20*u. What is the remainder when 49 is divided by u?
11
Let r = 15 + -11. Let n be 12 + (r + 4)/4. Calculate the remainder when (-8)/(-28) - (-248)/n is divided by 5.
3
Suppose a - 3*z - 3285 = -443, 11*a + 2*z = 31087. Calculate the remainder when a is divided by 935.
22
Let z be 30/(-4)*6*12/(-30). Calculate the remainder when 51 is divided by z/6 + 17 + -1 + 3.
7
Calculate the remainder when (-5 + (4 - 1712))/(-1) is divided by 99.
30
Let j = 10686 + -10662. Calculate the remainder when j is divided by 3.
0
Let b = 918 - 1316. Let l = b - -598. Suppose 4*y - l = -y. What is the remainder when y is divided by 14?
12
Suppose 47*x = 48*x. Suppose 8*p - 89 + 17 = x. Calculate the remainder when 206 is divided by p.
8
Let u be 1342/(-8) + 24/32. Let j = 174 + u. Calculate the remainder when 76 is divided by j.
6
Suppose 88*c - 7314 = 65*c. What is the remainder when 971 is divided by c?
17
What is the remainder when 30 is divided by (-63 - -62)/((-3)/36)?
6
Let q(s) = -2*s**2 - 44*s - 200. What is the remainder when 5537 is divided by q(-13)?
29
Let g = 2877 + -2781. Calculate the remainder when 757 is divided by g.
85
Suppose 7*o - 20*o = -18 - 2621. What is the remainder when 562 is divided by o?
156
Suppose v + v = 30. Suppose -14 = -2*g + 4*f, -2*g = -0*f + 2*f - 8. Let m(a) = a**3 - 2*a**2 - 12*a + 12. Calculate the remainder when m(g) is divided by v.
12
Suppose 4*n - 692 = 3*d, -862 = -5*n - 2*d + 5*d. Calculate the remainder when n is divided by 19.
18
Suppose -4*v - 1164 = -4*l, -2*v + 10*l - 603 = 15*l. Let o = v + 696. Let j = 605 - o. Calculate the remainder when j is divided by 41.
39
Let h = -952 + -383. Let a = -742 - h. What is the remainder when a is divided by 99?
98
Suppose -17*b - 312 = -23*b. Let x = 177 - b. Suppose -3*k - 73 = r - 6*r, 0 = 3*r - 4*k - 46. What is the remainder when x is divided by r?
13
Suppose b - 40 = -3*b. Suppose 2*u - 28 = 3*w, 3*w + 12 = 3*u - 12. What is the remainder when 58 is divided by (-2 + 63/(-6))*w/b?
13
Suppose 4*s - 187 = -39. Suppose v - 39 = -4*l, l = -l + 3*v + s. Suppose 10*z = -28*z + 2432. What is the remainder when z is divided by l?
9
Let b = 16675 + -13615. Calculate the remainder when b is divided by 146.
140
Let u = -20 - -72. Let z(m) = -448*m + 868. Let v be z(2). Let r = v + u. What is the remainder when r is divided by 5?
4
Suppose 21*c - 110 = 10*c. Let a(h) = -h**2 + 16*h - 17. Let m be a(c). Suppose 8*u - 509 = m. What is the remainder when u is divided by 18?
15
Let o be 4*((-80)/25)/(4/150). Let p = 505 + o. Calculate the remainder when p is divided by 20.
5
Let c(l) = -l**3 - 3*l**2 + 2*l - 6. Let t be c(-4). Suppose -t*w + r + 40 = 0, 0 = -w + 2*r - 5*r + 13. What is the remainder when 52 is divided by w?
14
Let b = 286 + -169. Let r be 2 - -5*(2 + -14). Let t = r - -88. Calculate the remainder when b is divided by t.
27
Suppose 0 = -5*q - 2*j - 2890, -5*q + 0*q = 3*j + 2895. Let n = -258 - q. What is the remainder when n is divided by 11?
10
Calculate the remainder when ((-453844)/5727 + (-2)/23)*-129 is divided by 12.
10
Suppose 4*m - 2*f = 1364, 3*f = 49*m - 46*m - 1023. What is the remainder when m is divided by 59?
46
Let w = 156 + -100. Suppose 4*f - 140 = -3*f. Suppose -6*c = -11*c + q + 100, 2*q - f = -c. Calculate the remainder when w is divided by c.
16
Let r = 49 - 36. Let w(x) = -3*x + 44. Let u be w(r). Suppose -3*p + 111 = i + 2*i, u*i = 2*p + 220. What is the remainder when i is divided by 13?
3
Let t(k) = k**2 + 7*k + 6. Let f be t(6). Suppose -85*h + 22 = -f*h. What is the remainder when 82 is divided by h?
16
Let l = 9 + -22. Let a = l - -24. Let k = 151 + -145. Calculate the remainder when a is divided by k.
5
Suppose -y = 3*v + 8, -3*v + 5*y + 20 + 